{"id":3323,"date":"2024-03-10T09:54:48","date_gmt":"2024-03-10T09:54:48","guid":{"rendered":"https:\/\/excavacionsgirona.com\/cat\/?page_id=3323"},"modified":"2024-05-11T14:57:04","modified_gmt":"2024-05-11T14:57:04","slug":"mapa-del-lloc","status":"publish","type":"page","link":"https:\/\/excavacionsgirona.com\/cat\/mapa-del-lloc\/","title":{"rendered":"Mapa del Lloc"},"content":{"rendered":"<div class=\"wpb-content-wrapper\"><p>[vc_row el_class=&#8221;menu-sitio&#8221;][vc_column width=&#8221;1\/2&#8243; el_class=&#8221;msitio&#8221;][vc_wp_pages sortby=&#8221;menu_order&#8221;][vc_wp_posts title=&#8221;Entrades&#8221; number=&#8221;200&#8243;][vc_wp_categories][vc_wp_tagcloud taxonomy=&#8221;post_tag&#8221;][\/vc_column][vc_column width=&#8221;1\/2&#8243;][vc_wp_custommenu nav_menu=&#8221;79&#8243; title=&#8221;Serveis&#8221;][vc_wp_custommenu nav_menu=&#8221;78&#8243; title=&#8221;Maquin\u00e0ria&#8221;][vc_wp_custommenu nav_menu=&#8221;80&#8243; title=&#8221;Seccions&#8221;][\/vc_column][\/vc_row]<\/p>\n<\/div>","protected":false},"excerpt":{"rendered":"<p>[vc_row el_class=&#8221;menu-sitio&#8221;][vc_column width=&#8221;1\/2&#8243; el_class=&#8221;msitio&#8221;][vc_wp_pages sortby=&#8221;menu_order&#8221;][vc_wp_posts title=&#8221;Entrades&#8221; number=&#8221;200&#8243;][vc_wp_categories][vc_wp_tagcloud taxonomy=&#8221;post_tag&#8221;][\/vc_column][vc_column width=&#8221;1\/2&#8243;][vc_wp_custommenu nav_menu=&#8221;79&#8243; title=&#8221;Serveis&#8221;][vc_wp_custommenu nav_menu=&#8221;78&#8243; title=&#8221;Maquin\u00e0ria&#8221;][vc_wp_custommenu nav_menu=&#8221;80&#8243; title=&#8221;Seccions&#8221;][\/vc_column][\/vc_row]<\/p>\n","protected":false},"author":1,"featured_media":2976,"parent":0,"menu_order":8,"comment_status":"closed","ping_status":"closed","template":"","meta":{"footnotes":""},"class_list":["post-3323","page","type-page","status-publish","has-post-thumbnail","hentry",""],"yoast_head":"<!-- This site is optimized with the Yoast SEO Premium plugin v22.6 (Yoast SEO v24.1) - https:\/\/yoast.com\/wordpress\/plugins\/seo\/ -->\n<title>Mapa del Lloc - Excavacions Girona<\/title>\n<meta name=\"description\" content=\"Descobreix serveis eficients d&#039;excavaci\u00f3 i moviments de terres amb maquin\u00e0ria avan\u00e7ada per a construcci\u00f3 sostenible, gesti\u00f3 de qualitat\" \/>\n<meta name=\"robots\" content=\"index, follow, max-snippet:-1, max-image-preview:large, max-video-preview:-1\" \/>\n<link rel=\"canonical\" href=\"https:\/\/excavacionsgirona.com\/cat\/mapa-del-lloc\/\" \/>\n<meta property=\"og:locale\" content=\"ca_ES\" \/>\n<meta property=\"og:type\" content=\"article\" \/>\n<meta property=\"og:title\" content=\"Mapa del Lloc\" \/>\n<meta property=\"og:description\" content=\"Explora els nostres serveis d\u00b4excavaci\u00f3 i moviments de terres amb maquin\u00e0ria avan\u00e7ada. Contribu\u00efm a la construcci\u00f3 sostenible i la gesti\u00f3 de qualitat en projectes.\" \/>\n<meta property=\"og:url\" content=\"https:\/\/excavacionsgirona.com\/cat\/mapa-del-lloc\/\" \/>\n<meta property=\"og:site_name\" content=\"Excavacions Girona\" \/>\n<meta property=\"article:publisher\" content=\"https:\/\/www.facebook.com\/61556719241692\" \/>\n<meta property=\"article:modified_time\" content=\"2024-05-11T14:57:04+00:00\" \/>\n<meta property=\"og:image\" content=\"https:\/\/excavacionsgirona.com\/cat\/wp-content\/uploads\/2024\/02\/excavacions-moviment-terres-girona.jpg\" \/>\n\t<meta property=\"og:image:width\" content=\"1500\" \/>\n\t<meta property=\"og:image:height\" content=\"1000\" \/>\n\t<meta property=\"og:image:type\" content=\"image\/jpeg\" \/>\n<meta name=\"twitter:card\" content=\"summary_large_image\" \/>\n<meta name=\"twitter:description\" content=\"Descobriu l&#039;efici\u00e8ncia dels nostres serveis d&#039;excavaci\u00f3 i moviments de terres amb maquin\u00e0ria avan\u00e7ada. Construcci\u00f3 sostenible i gesti\u00f3 de qualitat garantida.\" \/>\n<meta name=\"twitter:site\" content=\"@excavagirona\" \/>\n<meta name=\"twitter:label1\" content=\"Temps estimat de lectura\" \/>\n\t<meta name=\"twitter:data1\" content=\"1 minut\" \/>\n<script type=\"application\/ld+json\" class=\"yoast-schema-graph\">{\"@context\":\"https:\/\/schema.org\",\"@graph\":[{\"@type\":\"WebPage\",\"@id\":\"https:\/\/excavacionsgirona.com\/cat\/mapa-del-lloc\/\",\"url\":\"https:\/\/excavacionsgirona.com\/cat\/mapa-del-lloc\/\",\"name\":\"Mapa del Lloc - Excavacions Girona\",\"isPartOf\":{\"@id\":\"https:\/\/excavacionsgirona.com\/cat\/#website\"},\"primaryImageOfPage\":{\"@id\":\"https:\/\/excavacionsgirona.com\/cat\/mapa-del-lloc\/#primaryimage\"},\"image\":{\"@id\":\"https:\/\/excavacionsgirona.com\/cat\/mapa-del-lloc\/#primaryimage\"},\"thumbnailUrl\":\"https:\/\/excavacionsgirona.com\/cat\/wp-content\/uploads\/2024\/02\/excavacions-moviment-terres-girona.jpg\",\"datePublished\":\"2024-03-10T09:54:48+00:00\",\"dateModified\":\"2024-05-11T14:57:04+00:00\",\"description\":\"Descobreix serveis eficients d'excavaci\u00f3 i moviments de terres amb maquin\u00e0ria avan\u00e7ada per a construcci\u00f3 sostenible, gesti\u00f3 de qualitat\",\"breadcrumb\":{\"@id\":\"https:\/\/excavacionsgirona.com\/cat\/mapa-del-lloc\/#breadcrumb\"},\"inLanguage\":\"ca\",\"potentialAction\":[{\"@type\":\"ReadAction\",\"target\":[\"https:\/\/excavacionsgirona.com\/cat\/mapa-del-lloc\/\"]}]},{\"@type\":\"ImageObject\",\"inLanguage\":\"ca\",\"@id\":\"https:\/\/excavacionsgirona.com\/cat\/mapa-del-lloc\/#primaryimage\",\"url\":\"https:\/\/excavacionsgirona.com\/cat\/wp-content\/uploads\/2024\/02\/excavacions-moviment-terres-girona.jpg\",\"contentUrl\":\"https:\/\/excavacionsgirona.com\/cat\/wp-content\/uploads\/2024\/02\/excavacions-moviment-terres-girona.jpg\",\"width\":1500,\"height\":1000,\"caption\":\"Excavacions i moviments de terres a Girona\"},{\"@type\":\"BreadcrumbList\",\"@id\":\"https:\/\/excavacionsgirona.com\/cat\/mapa-del-lloc\/#breadcrumb\",\"itemListElement\":[{\"@type\":\"ListItem\",\"position\":1,\"name\":\"Inici\",\"item\":\"https:\/\/excavacionsgirona.com\/cat\/\"},{\"@type\":\"ListItem\",\"position\":2,\"name\":\"Mapa del Lloc\"}]},{\"@type\":\"WebSite\",\"@id\":\"https:\/\/excavacionsgirona.com\/cat\/#website\",\"url\":\"https:\/\/excavacionsgirona.com\/cat\/\",\"name\":\"Excavacions Girona\",\"description\":\"Excavacions Girona, moviment de terres, fonaments\",\"publisher\":{\"@id\":\"https:\/\/excavacionsgirona.com\/cat\/#organization\"},\"alternateName\":\"Excavaciones Girona\",\"potentialAction\":[{\"@type\":\"SearchAction\",\"target\":{\"@type\":\"EntryPoint\",\"urlTemplate\":\"https:\/\/excavacionsgirona.com\/cat\/?s={search_term_string}\"},\"query-input\":{\"@type\":\"PropertyValueSpecification\",\"valueRequired\":true,\"valueName\":\"search_term_string\"}}],\"inLanguage\":\"ca\"},{\"@type\":\"Organization\",\"@id\":\"https:\/\/excavacionsgirona.com\/cat\/#organization\",\"name\":\"Excavacions Girona\",\"alternateName\":\"Excavaciones Girona\",\"url\":\"https:\/\/excavacionsgirona.com\/cat\/\",\"logo\":{\"@type\":\"ImageObject\",\"inLanguage\":\"ca\",\"@id\":\"https:\/\/excavacionsgirona.com\/cat\/#\/schema\/logo\/image\/\",\"url\":\"https:\/\/excavacionsgirona.com\/cat\/wp-content\/uploads\/2024\/02\/logo-excavaciones-girona.svg\",\"contentUrl\":\"https:\/\/excavacionsgirona.com\/cat\/wp-content\/uploads\/2024\/02\/logo-excavaciones-girona.svg\",\"width\":1,\"height\":1,\"caption\":\"Excavacions Girona\"},\"image\":{\"@id\":\"https:\/\/excavacionsgirona.com\/cat\/#\/schema\/logo\/image\/\"},\"sameAs\":[\"https:\/\/www.facebook.com\/61556719241692\",\"https:\/\/x.com\/excavagirona\",\"https:\/\/www.linkedin.com\/company\/excavaciones-girona\"],\"description\":\"Descobreix Excavacions Girona, l\u00edder en serveis d\u00b4excavaci\u00f3 i moviment de terres a Girona. Experi\u00e8ncia, tecnologia avan\u00e7ada i comprom\u00eds ambiental per a projectes d'\u00e8xit en construcci\u00f3 i obra civil.\",\"email\":\"info@excavacionsgirona.com\",\"telephone\":\"633 72 54 38\",\"legalName\":\"Excavacions Girona\",\"foundingDate\":\"2022-01-01\",\"numberOfEmployees\":{\"@type\":\"QuantitativeValue\",\"minValue\":\"11\",\"maxValue\":\"50\"}}]}<\/script>\n<!-- \/ Yoast SEO Premium plugin. -->","yoast_head_json":{"title":"Mapa del Lloc - Excavacions Girona","description":"Descobreix serveis eficients d'excavaci\u00f3 i moviments de terres amb maquin\u00e0ria avan\u00e7ada per a construcci\u00f3 sostenible, gesti\u00f3 de qualitat","robots":{"index":"index","follow":"follow","max-snippet":"max-snippet:-1","max-image-preview":"max-image-preview:large","max-video-preview":"max-video-preview:-1"},"canonical":"https:\/\/excavacionsgirona.com\/cat\/mapa-del-lloc\/","og_locale":"ca_ES","og_type":"article","og_title":"Mapa del Lloc","og_description":"Explora els nostres serveis d\u00b4excavaci\u00f3 i moviments de terres amb maquin\u00e0ria avan\u00e7ada. Contribu\u00efm a la construcci\u00f3 sostenible i la gesti\u00f3 de qualitat en projectes.","og_url":"https:\/\/excavacionsgirona.com\/cat\/mapa-del-lloc\/","og_site_name":"Excavacions Girona","article_publisher":"https:\/\/www.facebook.com\/61556719241692","article_modified_time":"2024-05-11T14:57:04+00:00","og_image":[{"width":1500,"height":1000,"url":"https:\/\/excavacionsgirona.com\/cat\/wp-content\/uploads\/2024\/02\/excavacions-moviment-terres-girona.jpg","type":"image\/jpeg"}],"twitter_card":"summary_large_image","twitter_description":"Descobriu l'efici\u00e8ncia dels nostres serveis d'excavaci\u00f3 i moviments de terres amb maquin\u00e0ria avan\u00e7ada. Construcci\u00f3 sostenible i gesti\u00f3 de qualitat garantida.","twitter_site":"@excavagirona","twitter_misc":{"Temps estimat de lectura":"1 minut"},"schema":{"@context":"https:\/\/schema.org","@graph":[{"@type":"WebPage","@id":"https:\/\/excavacionsgirona.com\/cat\/mapa-del-lloc\/","url":"https:\/\/excavacionsgirona.com\/cat\/mapa-del-lloc\/","name":"Mapa del Lloc - Excavacions Girona","isPartOf":{"@id":"https:\/\/excavacionsgirona.com\/cat\/#website"},"primaryImageOfPage":{"@id":"https:\/\/excavacionsgirona.com\/cat\/mapa-del-lloc\/#primaryimage"},"image":{"@id":"https:\/\/excavacionsgirona.com\/cat\/mapa-del-lloc\/#primaryimage"},"thumbnailUrl":"https:\/\/excavacionsgirona.com\/cat\/wp-content\/uploads\/2024\/02\/excavacions-moviment-terres-girona.jpg","datePublished":"2024-03-10T09:54:48+00:00","dateModified":"2024-05-11T14:57:04+00:00","description":"Descobreix serveis eficients d'excavaci\u00f3 i moviments de terres amb maquin\u00e0ria avan\u00e7ada per a construcci\u00f3 sostenible, gesti\u00f3 de qualitat","breadcrumb":{"@id":"https:\/\/excavacionsgirona.com\/cat\/mapa-del-lloc\/#breadcrumb"},"inLanguage":"ca","potentialAction":[{"@type":"ReadAction","target":["https:\/\/excavacionsgirona.com\/cat\/mapa-del-lloc\/"]}]},{"@type":"ImageObject","inLanguage":"ca","@id":"https:\/\/excavacionsgirona.com\/cat\/mapa-del-lloc\/#primaryimage","url":"https:\/\/excavacionsgirona.com\/cat\/wp-content\/uploads\/2024\/02\/excavacions-moviment-terres-girona.jpg","contentUrl":"https:\/\/excavacionsgirona.com\/cat\/wp-content\/uploads\/2024\/02\/excavacions-moviment-terres-girona.jpg","width":1500,"height":1000,"caption":"Excavacions i moviments de terres a Girona"},{"@type":"BreadcrumbList","@id":"https:\/\/excavacionsgirona.com\/cat\/mapa-del-lloc\/#breadcrumb","itemListElement":[{"@type":"ListItem","position":1,"name":"Inici","item":"https:\/\/excavacionsgirona.com\/cat\/"},{"@type":"ListItem","position":2,"name":"Mapa del Lloc"}]},{"@type":"WebSite","@id":"https:\/\/excavacionsgirona.com\/cat\/#website","url":"https:\/\/excavacionsgirona.com\/cat\/","name":"Excavacions Girona","description":"Excavacions Girona, moviment de terres, fonaments","publisher":{"@id":"https:\/\/excavacionsgirona.com\/cat\/#organization"},"alternateName":"Excavaciones Girona","potentialAction":[{"@type":"SearchAction","target":{"@type":"EntryPoint","urlTemplate":"https:\/\/excavacionsgirona.com\/cat\/?s={search_term_string}"},"query-input":{"@type":"PropertyValueSpecification","valueRequired":true,"valueName":"search_term_string"}}],"inLanguage":"ca"},{"@type":"Organization","@id":"https:\/\/excavacionsgirona.com\/cat\/#organization","name":"Excavacions Girona","alternateName":"Excavaciones Girona","url":"https:\/\/excavacionsgirona.com\/cat\/","logo":{"@type":"ImageObject","inLanguage":"ca","@id":"https:\/\/excavacionsgirona.com\/cat\/#\/schema\/logo\/image\/","url":"https:\/\/excavacionsgirona.com\/cat\/wp-content\/uploads\/2024\/02\/logo-excavaciones-girona.svg","contentUrl":"https:\/\/excavacionsgirona.com\/cat\/wp-content\/uploads\/2024\/02\/logo-excavaciones-girona.svg","width":1,"height":1,"caption":"Excavacions Girona"},"image":{"@id":"https:\/\/excavacionsgirona.com\/cat\/#\/schema\/logo\/image\/"},"sameAs":["https:\/\/www.facebook.com\/61556719241692","https:\/\/x.com\/excavagirona","https:\/\/www.linkedin.com\/company\/excavaciones-girona"],"description":"Descobreix Excavacions Girona, l\u00edder en serveis d\u00b4excavaci\u00f3 i moviment de terres a Girona. Experi\u00e8ncia, tecnologia avan\u00e7ada i comprom\u00eds ambiental per a projectes d'\u00e8xit en construcci\u00f3 i obra civil.","email":"info@excavacionsgirona.com","telephone":"633 72 54 38","legalName":"Excavacions Girona","foundingDate":"2022-01-01","numberOfEmployees":{"@type":"QuantitativeValue","minValue":"11","maxValue":"50"}}]}},"_links":{"self":[{"href":"https:\/\/excavacionsgirona.com\/cat\/wp-json\/wp\/v2\/pages\/3323","targetHints":{"allow":["GET"]}}],"collection":[{"href":"https:\/\/excavacionsgirona.com\/cat\/wp-json\/wp\/v2\/pages"}],"about":[{"href":"https:\/\/excavacionsgirona.com\/cat\/wp-json\/wp\/v2\/types\/page"}],"author":[{"embeddable":true,"href":"https:\/\/excavacionsgirona.com\/cat\/wp-json\/wp\/v2\/users\/1"}],"replies":[{"embeddable":true,"href":"https:\/\/excavacionsgirona.com\/cat\/wp-json\/wp\/v2\/comments?post=3323"}],"version-history":[{"count":32,"href":"https:\/\/excavacionsgirona.com\/cat\/wp-json\/wp\/v2\/pages\/3323\/revisions"}],"predecessor-version":[{"id":3730,"href":"https:\/\/excavacionsgirona.com\/cat\/wp-json\/wp\/v2\/pages\/3323\/revisions\/3730"}],"wp:featuredmedia":[{"embeddable":true,"href":"https:\/\/excavacionsgirona.com\/cat\/wp-json\/wp\/v2\/media\/2976"}],"wp:attachment":[{"href":"https:\/\/excavacionsgirona.com\/cat\/wp-json\/wp\/v2\/media?parent=3323"}],"curies":[{"name":"wp","href":"https:\/\/api.w.org\/{rel}","templated":true}]}}